1
List the prime factors of 355295.
5, 71059
List the prime factors of 419374.
2, 209687
What are the prime factors of 21666846?
2, 3, 113, 31957
List the prime factors of 97699.
7, 17, 821
What are the prime factors of 86654?
2, 37, 1171
List the prime factors of 13627347.
3, 4542449
List the prime factors of 597423.
3, 97, 2053
List the prime factors of 17252503.
43, 71, 5651
What are the prime factors of 31111?
53, 587
What are the prime factors of 8903763?
3, 11, 3331
What are the prime factors of 381618?
2, 3, 37, 191
List the prime factors of 101966.
2, 17, 2999
List the prime factors of 1098738.
2, 3, 20347
List the prime factors of 172251.
3, 19139
List the prime factors of 376525.
5, 15061
What are the prime factors of 669475?
5, 61, 439
What are the prime factors of 410152?
2, 167, 307
List the prime factors of 30531870.
2, 3, 5, 113081
What are the prime factors of 46510?
2, 5, 4651
List the prime factors of 32096268.
2, 3, 891563
List the prime factors of 12544361.
23, 499, 1093
What are the prime factors of 63744?
2, 3, 83
What are the prime factors of 49500?
2, 3, 5, 11
List the prime factors of 4662950.
2, 5, 179, 521
List the prime factors of 9913.
23, 431
List the prime factors of 23057096.
2, 151, 19087
What are the prime factors of 351632?
2, 21977
List the prime factors of 29964.
2, 3, 11, 227
List the prime factors of 7046572.
2, 13, 135511
List the prime factors of 1605657.
3, 535219
List the prime factors of 19521097.
43, 367, 1237
What are the prime factors of 1827500?
2, 5, 17, 43
What are the prime factors of 9733447?
9733447
What are the prime factors of 189409?
11, 67, 257
What are the prime factors of 4271169?
3, 7, 23, 37, 239
What are the prime factors of 365530?
2, 5, 11, 3323
List the prime factors of 3739873.
67, 55819
List the prime factors of 1970872.
2, 67, 3677
List the prime factors of 3441949.
7, 491707
List the prime factors of 10601257.
151, 70207
What are the prime factors of 643013?
7, 97, 947
List the prime factors of 9589133.
9589133
What are the prime factors of 135742?
2, 67, 1013
What are the prime factors of 536977?
7, 41, 1871
What are the prime factors of 24259?
17, 1427
List the prime factors of 4644575.
5, 13, 31, 461
List the prime factors of 1808172.
2, 3, 50227
What are the prime factors of 11470519?
11470519
What are the prime factors of 1654236?
2, 3, 17, 53
What are the prime factors of 160112?
2, 10007
What are the prime factors of 62256?
2, 3, 1297
What are the prime factors of 155137?
155137
List the prime factors of 3139224.
2, 3, 11, 23, 47
List the prime factors of 134433.
3, 13, 383
List the prime factors of 14277927.
3, 4759309
What are the prime factors of 2514730?
2, 5, 251473
List the prime factors of 443348.
2, 23, 61, 79
What are the prime factors of 16341836?
2, 7, 31, 67, 281
What are the prime factors of 5325739?
1439, 3701
List the prime factors of 2972457.
3, 36697
What are the prime factors of 12411601?
12411601
What are the prime factors of 3047027?
3047027
List the prime factors of 1217599.
397, 3067
List the prime factors of 4108373.
17, 67, 3607
What are the prime factors of 5391641?
43, 125387
List the prime factors of 192533.
11, 23, 761
What are the prime factors of 224176?
2, 14011
List the prime factors of 526087.
526087
List the prime factors of 3427991.
7, 69959
List the prime factors of 1793761.
1793761
What are the prime factors of 123257?
23, 233
What are the prime factors of 9263867?
71, 130477
What are the prime factors of 86811?
3, 19, 1523
What are the prime factors of 96693?
3, 167, 193
What are the prime factors of 11524969?
11524969
What are the prime factors of 126290?
2, 5, 73, 173
List the prime factors of 503414.
2, 251707
What are the prime factors of 2121817?
59, 35963
What are the prime factors of 5141708?
2, 11, 13, 89, 101
What are the prime factors of 14739933?
3, 13, 67, 5641
List the prime factors of 13476717.
3, 181, 8273
List the prime factors of 371272.
2, 11, 4219
List the prime factors of 273338.
2, 13, 10513
What are the prime factors of 984761?
984761
What are the prime factors of 6096299?
11, 554209
List the prime factors of 3355475.
5, 134219
What are the prime factors of 8507250?
2, 3, 5, 19, 199
List the prime factors of 16548499.
11, 1504409
List the prime factors of 2282812.
2, 7, 19, 613
List the prime factors of 537224.
2, 67153
List the prime factors of 856818.
2, 3, 41, 43
List the prime factors of 7111146.
2, 3, 7, 169313
What are the prime factors of 1701453?
3, 13, 43627
List the prime factors of 1215832.
2, 379, 401
List the prime factors of 137265.
3, 5, 9151
What are the prime factors of 1243238?
2, 621619
What are the prime factors of 192662?
2, 96331
What are the prime factors of 24051150?
2, 3, 5, 19, 29, 97
What are the prime factors of 2366418?
2, 3, 149, 2647
What are the prime factors of 253194?
2, 3, 19, 2221
List the prime factors of 20537331.
3, 37, 185021
What are the prime factors of 18664360?
2, 5, 11, 13, 251
List the prime factors of 748548.
2, 3, 29, 239
What are the prime factors of 161050?
2, 5, 3221
What are the prime factors of 1945311?
3, 648437
What are the prime factors of 4108326?
2, 3, 613, 1117
What are the prime factors of 1840670?
2, 5, 13, 14159
What are the prime factors of 10596746?
2, 17, 229, 1361
What are the prime factors of 3174360?
2, 3, 5, 7, 3779
List the prime factors of 1426211.
1426211
List the prime factors of 1778494.
2, 889247
What are the prime factors of 143049?
3, 41, 1163
What are the prime factors of 2863241?
43, 66587
What are the prime factors of 10602664?
2, 1325333
What are the prime factors of 210867?
3, 70289
What are the prime factors of 330287?
330287
What are the prime factors of 214286?
2, 307, 349
List the prime factors of 528715.
5, 11, 9613
List the prime factors of 144269.
89, 1621
List the prime factors of 10013411.
743, 13477
List the prime factors of 754951.
43, 97, 181
What are the prime factors of 1232513?
139, 8867
List the prime factors of 21754938.
2, 3, 1787, 2029
List the prime factors of 1102957.
29, 73, 521
What are the prime factors of 214158?
2, 3, 7, 5099
What are the prime factors of 905505?
3, 5, 17, 53, 67
What are the prime factors of 6933241?
7, 990463
List the prime factors of 5097747.
3, 1699249
What are the prime factors of 1459332?
2, 3, 7, 5791
List the prime factors of 267822.
2, 3, 14879
What are the prime factors of 189403?
37, 5119
List the prime factors of 5572780.
2, 5, 278639
List the prime factors of 20953.
23, 911
List the prime factors of 33331963.
7, 137, 34757
What are the prime factors of 278909?
278909
What are the prime factors of 242411?
13, 29, 643
List the prime factors of 5035331.
7, 719333
What are the prime factors of 78651?
3, 971
List the prime factors of 16261974.
2, 3, 903443
What are the prime factors of 10230631?
47, 109, 1997
List the prime factors of 421331.
421331
What are the prime factors of 2452231?
2452231
List the prime factors of 3090339.
3, 7, 83, 197
List the prime factors of 293038.
2, 146519
What are the prime factors of 139014?
2, 3, 7723
List the prime factors of 6647779.
6647779
List the prime factors of 8483427.
3, 43, 7307
List the prime factors of 171398.
2, 43, 1993
What are the prime factors of 751534?
2, 7, 53681
List the prime factors of 2653145.
5, 11, 48239
What are the prime factors of 10934566?
2, 29, 188527
List the prime factors of 223688.
2, 27961
List the prime factors of 12083405.
5, 2416681
List the prime factors of 236873.
7, 13, 19, 137
What are the prime factors of 2838380?
2, 5, 139, 1021
What are the prime factors of 72781?
73, 997
What are the prime factors of 4323622?
2, 1229, 1759
List the prime factors of 2364032.
2, 11, 23, 73
What are the prime factors of 2008620?
2, 3, 5, 11159
List the prime factors of 491464.
2, 23, 2671
List the prime factors of 258732.
2, 3, 7187
List the prime factors of 1717249.
23, 197, 379
What are the prime factors of 7049582?
2, 691, 5101
List the prime factors of 15069781.
15069781
List the prime factors of 11550749.
7, 1650107
List the prime factors of 3901642.
2, 41, 47581
List the prime factors of 377015.
5, 75403
What are the prime factors of 5465239?
13, 107, 3929
What are the prime factors of 401569?
7, 57367
List 